).
2, 3, 59
Let c = 2655 + -1784. List the prime factors of c.
13, 67
Let z be 2*4*2/8. Suppose -2*d - z*x = -4*x, -2*d - x + 6 = 0. Suppose 43 = t + d. What are the prime factors of t?
41
Let a = -29 + 88. Let d = 35 - a. What are the prime factors of d/(-30)*50/1?
2, 5
Let m = -20 - -10. Let i(d) be the third derivative of -7*d**4/24 - 17*d**3/6 + 7*d**2. List the prime factors of i(m).
53
Let y be 1 + (-2 - -1 - -11). Suppose -22*m = 7*m - 29. What are the prime factors of (y - 14)/(m*-1)?
3
Suppose 3*x = 47 - 53. List the prime factors of x - (-132 + (1 - 1) + -2).
2, 3, 11
Let t(j) = 4*j + 3*j - 8 + 2*j. What are the prime factors of t(9)?
73
Let b = -125 - -134. What are the prime factors of (b/(-3))/((-24)/1304)?
163
Suppose 4*h + 1 = -3*g - 3, -2*g = -4*h - 24. Suppose 2*s - 5*b = g*s - 50, 4*s = -2*b + 84. List the prime factors of s.
2, 5
Let b(z) = -6*z**3 + 5*z**2 + 8*z + 1. Let q be b(-4). Suppose -4*v = -5*l + q, -5*l + 597 - 158 = -2*v. What are the prime factors of l?
89
Let t(v) = -19*v**3 - 6*v**2 + v + 6. List the prime factors of t(-3).
2, 3, 7, 11
Let b(l) = -l**3 - l**2 - 2*l - 17. Let f be b(0). Let s = -15 - f. Suppose -s*q + 32 = 2*t, -q + t - 4*t + 20 = 0. What are the prime factors of q?
2, 7
Let u(q) = -3*q + 11. Let n be u(5). List the prime factors of n/6 - (-1 - 2660/21).
127
Suppose 1566 = 5*o + 456. What are the prime factors of o?
2, 3, 37
Let t = 0 - 11. Let y be t/55 + 378/(-10). List the prime factors of y/(-14) + 6/21.
3
Suppose -4*c = -7*c + 6. Suppose -7*v + c*v - 265 = -5*s, s - 59 = -2*v. What are the prime factors of (-6)/33 - (-945)/s?
17
Let b(c) = 9*c**2 - 4*c + 4. Let n(l) = l + 0*l**2 + l**2 + 2 - 1 - 2*l. Let d(z) = b(z) - 5*n(z). What are the prime factors of d(1)?
2
Let x(i) = 13*i - 7. Let g be x(3). Suppose y + y = g. Let q = 26 - y. List the prime factors of q.
2, 5
Suppose 3*u + 53 = -2*w - 102, 0 = -u - 5*w - 43. Let h = u - -78. What are the prime factors of h?
5
Suppose d - 4*d = -2*g - 16, -5*d + 22 = -g. What are the prime factors of (-20)/g*44/110?
2
List the prime factors of 1 - (5 - (0 - -322)).
2, 3, 53
Suppose 8*r - 24 - 24 = 0. Suppose 2*y - r*y = -248. List the prime factors of y.
2, 31
Let c = -754 - -368. Let q = -158 - c. List the prime factors of q.
2, 3, 19
Suppose -513*t + 468*t = -253440. List the prime factors of t.
2, 11
Let f be 12 + (-24)/4 + 4. Let r be (-44)/f*(-1 - 4). Suppose 2*k - r = 44. List the prime factors of k.
3, 11
Suppose -5*r + 21 = -2*n, r - 5*n = -3*r + 10. Suppose 0 = -i - 3 + r. Suppose 0 = x - 5, i*x - 111 = -2*o - 3*x. List the prime factors of o.
43
Suppose 22*m + 25*m = 48*m. Suppose m = -18*a + 1665 + 333. List the prime factors of a.
3, 37
Let i = 51 + -48. Suppose i*n - 1278 = -6*n. What are the prime factors of n?
2, 71
Let g = 244 + 2010. List the prime factors of g.
2, 7, 23
Let w(s) be the first derivative of -s**4/4 + 8*s**3/3 - s**2/2 + 4*s + 11. List the prime factors of w(4).
2
Suppose 0 = 2*m - 5*w + 6, 4*w - 6 = -m + 2*m. Suppose -m*j + 444 = -5*j. Let t = -85 - j. What are the prime factors of t?
3, 7
Let b = -478 + 961. What are the prime factors of b?
3, 7, 23
Let v(h) = 0*h + 11*h - 4*h**2 + 5*h**2 - 6. Let m be v(-12). Suppose -m*f = -f - 205. List the prime factors of f.
41
Let x = -104 - -531. List the prime factors of x.
7, 61
Suppose 0 = 5*a - a - 16. List the prime factors of 15/10 - (-294)/a.
3, 5
Let p = -530 - -921. What are the prime factors of p?
17, 23
Let a = -176 + 2378. List the prime factors of a.
2, 3, 367
Suppose -4*o - k + 15 = 0, 3*k + 5 = -o + k. Suppose 4*h - d - 16 = 0, 0*h = -o*h + 5*d + 5. Let g(w) = 3*w - 7. List the prime factors of g(h).
2
Let d be (-9)/(9/(-34)) - 3. Suppose 29*i = d*i - 180. What are the prime factors of i?
2, 3, 5
Let k(d) = 7*d**2 - 3*d - 5. Let r be ((-6)/5)/(8/((-240)/9)). What are the prime factors of k(r)?
5, 19
Suppose 10*f = 9*f + 8. What are the prime factors of 16 + 0*(4/f - 1)?
2
Suppose h = -3*o + 16, 10 = -h + 3*o + 2. Suppose 5*g = -h*c + 993, -4*g - 3*c + 223 = -572. List the prime factors of g.
3, 67
Let k(p) = p**3 + 8*p**2 + 9*p. Let f be k(-4). Let w be (-236)/(-14) - (-4)/f. Suppose -12*c = -w*c + 105. What are the prime factors of c?
3, 7
Let h(b) = b**2 - b - 1. Let f(p) = -2*p**2 - 4*p - 9. Let s(x) = -f(x) + h(x). What are the prime factors of s(8)?
2, 7
Let h be (-32192)/(-88) + -2 - 2/(-11). Let c = h - 179. List the prime factors of c.
5, 37
Let v be (-6)/4 + (-46)/4. Let n = v + 16. Suppose 78 = n*t - 2*s - 3*s, 5*s = -15. List the prime factors of t.
3, 7
Suppose -2*t + 5 = -13. Suppose 26 = -5*h + m, 5*h + 5*m + 29 = t. What are the prime factors of h*(-2 + 1 + -6)?
5, 7
Let n = 56 + -32. Let h = 24 - n. What are the prime factors of 7*(-14)/(-2 - h)?
7
Let s(p) = p - 8. Let w be s(8). Suppose w = 2*h + 5*r - 9 - 227, r = h - 111. What are the prime factors of h?
113
Suppose -3770 = -3*g + c - 6*c, -2*g + 2480 = -5*c. List the prime factors of g.
2, 5
Let o(s) = -s + 11. Let l = -9 - -19. Suppose d = -0*d - l. What are the prime factors of o(d)?
3, 7
Suppose -2*w + 8 = -0*w. Suppose 2*i - 14 + w = 0. Suppose -i*x + 177 = -v, 5*x - v = v + 174. List the prime factors of x.
2, 3
Let q = 611 - 509. List the prime factors of q.
2, 3, 17
Suppose 0 = -5*i + 2*a + 29 + 1606, -4*i + 3*a + 1308 = 0. List the prime factors of i.
3, 109
Suppose -43045 - 19739 = -48*y. List the prime factors of y.
2, 3, 109
Let h be (142 + 8)*1/2. Let m = h + -37. List the prime factors of m.
2, 19
Let n(k) = k**3 + 24*k**2 - 24*k + 25. Let a be n(-25). Suppose -3*c = -5*b + 408, 0*c - 5*c + 20 = a. List the prime factors of b.
2, 3, 7
Let a = 22 - -12. Suppose 3*x + 3*u - 87 = 0, -3*x + a + 28 = -2*u. List the prime factors of 3 + -1 + (x - -4).
2, 3, 5
Let s(h) = 90*h**2 - 14*h - 12. List the prime factors of s(-4).
2, 7, 53
Let z(o) = -2*o**3 + 9*o**2 + 4*o**3 - 3*o**3 - 5*o - 13 + 14*o. What are the prime factors of z(9)?
2, 17
List the prime factors of -4*8*(-31 - -5).
2, 13
Let j = 285 - -109. Suppose -54 = 5*z - j. What are the prime factors of z?
2, 17
Suppose -3*g = -2*d + 23, 4*g = -10 - 10. What are the prime factors of d/(-34) + (-3990)/(-102)?
3, 13
Let t = -90 + 237. What are the prime factors of t?
3, 7
Let a(t) = 5*t**2 + 63*t + 16. What are the prime factors of a(-14)?
2, 3, 19
Let r be 223 + 1 - (6 + -2). Let d = 0 - -2. Suppose d*w - 7*w = -r. What are the prime factors of w?
2, 11
Let j(u) = u**2 + 9*u - 3. Let f be j(-5). Let t = -11 - f. Suppose -5*z + 5*o + 120 = -5, 3*o - t = 0. What are the prime factors of z?
29
Let t be (1/1)/((-5)/(-20)). Suppose -t*x = -7*x - 12. Let o = 2 - x. What are the prime factors of o?
2, 3
Let s(j) = j + 11. Let g be s(7). Let t = g + -14. Suppose t*x + 52 = 6*x. What are the prime factors of x?
2, 13
Suppose -l - 6*c = -3*c + 11, -3*c = -5*l - 109. Let b(h) = -9*h + 22. Let p be b(11). Let v = l - p. What are the prime factors of v?
3, 19
Suppose -4*n = -5*n + 2. Suppose -n*o + 3*z = 0, 4*z + 22 = -o - 0. List the prime factors of (-439)/o + 3/(-18).
73
What are the prime factors of (-1)/3 + 8575/21 + -7?
401
Suppose -9 = 5*d + 36. Let x = 9 + d. Suppose x*s - 44 = -s. List the prime factors of s.
2, 11
Let s(x) be the second derivative of 2*x**3/3 - 7*x**2/2 + 12*x. Let p be s(3). Let j(r) = r**2 - r + 7. What are the prime factors of j(p)?
3
Let p be 1 - 5/6 - (-357)/18. What are the prime factors of 8/p*(-1*2 + 152)?
2, 3, 5
Suppose -4*y + 2*y + 2 = 4*j, -j - 3*y + 8 = 0. List the prime factors of 5 + j - (-62 + 13).
53
Let v be ((-3 - -2)*-4)/(2/4). List the prime factors of (4 + (-3 - -1))*156/v.
3, 13
Let z be (-1 + 1)/((-4)/(-4)). Suppose z*o - 2*o = -6. Suppose 5*n - 160 = -5*h, n = 8*h - o*h - 160. List the prime factors of h.
2
Let x be 9*4*3/12. Suppose -y + x*y = 296. List the prime factors of y.
37
Suppose d = 236 - 76. Let v = d + -111. List the prime factors of v.
7
Let x(m) = -308*m + 110. List the prime factors of x(-6).
2, 11, 89
Let r be 29490/21 - 4/14. Suppose 2*w = -10*w + r. What are the prime factors of w?
3, 13
Suppose -2*b - 3*l = -1266, -l = -b + l + 619. What are the prime factors of b?
3, 11, 19
Let y(x) = 54*x + 4. Let j be y(3). Suppose 0 = t - 5*f - j, 1 = -2*f - 3. List the prime factors 